f 1622817 and 252?
63
What is the greatest common factor of 9055182 and 1392?
6
What is the highest common divisor of 13458092 and 620?
124
What is the greatest common factor of 26068180 and 50?
10
Calculate the highest common factor of 955558 and 1794.
46
Calculate the greatest common factor of 324 and 5402672.
4
Calculate the highest common divisor of 594696 and 1668918.
2094
What is the greatest common factor of 20 and 148761?
1
Calculate the greatest common factor of 212364740 and 5380.
5380
Calculate the highest common divisor of 3686 and 66937.
19
Calculate the highest common divisor of 40420 and 2349520.
860
Calculate the greatest common factor of 412960 and 160560.
80
What is the greatest common factor of 24851166 and 164?
82
Calculate the greatest common factor of 136629 and 136140012.
7191
What is the greatest common factor of 1385922 and 40299?
303
What is the highest common factor of 6700 and 21530852?
268
Calculate the highest common factor of 147744 and 6067008.
864
Calculate the highest common divisor of 4917 and 87.
3
Calculate the highest common divisor of 3406 and 2144077.
1703
Calculate the highest common factor of 3509 and 655777.
29
Calculate the greatest common factor of 4308464 and 2216190.
4766
What is the highest common divisor of 357419 and 876151?
3163
What is the greatest common factor of 6945 and 109233275?
2315
Calculate the highest common divisor of 4366 and 925148851.
2183
What is the greatest common factor of 2448 and 15198000?
816
What is the greatest common factor of 45722503 and 1394?
697
Calculate the highest common factor of 58815 and 8433.
9
What is the greatest common divisor of 60481026 and 54?
54
What is the highest common divisor of 1068 and 469884?
12
What is the highest common divisor of 1765584 and 328836?
804
What is the greatest common factor of 58995800 and 400?
200
Calculate the greatest common factor of 24 and 4234242.
6
Calculate the highest common factor of 26 and 43340284.
26
Calculate the greatest common factor of 7 and 19665513.
7
Calculate the highest common factor of 607322 and 421894.
302
Calculate the greatest common divisor of 1617165 and 385.
55
Calculate the highest common divisor of 1712 and 5760704.
16
What is the highest common divisor of 153392 and 184?
8
Calculate the highest common divisor of 119 and 1644307.
7
Calculate the greatest common factor of 17767 and 66667.
163
Calculate the greatest common factor of 2848238 and 124.
2
Calculate the greatest common divisor of 41 and 30541679.
41
What is the greatest common factor of 87 and 22611?
3
What is the highest common divisor of 509500 and 31764268?
4076
What is the highest common divisor of 368 and 474503892?
92
What is the greatest common factor of 5000703 and 6870036?
9489
What is the greatest common divisor of 3 and 12629172?
3
What is the highest common divisor of 520 and 221129090?
130
What is the highest common divisor of 90768 and 3798492?
372
Calculate the highest common divisor of 3658732 and 551936.
2156
Calculate the highest common factor of 22058 and 161131.
269
Calculate the highest common divisor of 1112988 and 125492.
548
What is the highest common divisor of 1924 and 416394004?
1924
What is the highest common divisor of 27855 and 2299585?
3095
Calculate the highest common divisor of 2815362 and 71390.
1298
Calculate the highest common factor of 630882056 and 1568.
392
What is the greatest common factor of 47 and 44046896?
47
What is the highest common divisor of 11993532 and 21126?
3018
Calculate the highest common factor of 215 and 48042395.
215
Calculate the greatest common divisor of 3617423 and 37481.
1013
Calculate the greatest common divisor of 6006 and 211134.
462
Calculate the greatest common divisor of 12179400 and 954.
318
What is the greatest common divisor of 96150 and 43800?
150
Calculate the highest common factor of 33054225 and 30.
15
What is the highest common factor of 11745 and 37319085?
1305
Calculate the greatest common factor of 18691864 and 4026.
122
What is the greatest common factor of 24569524 and 4?
4
Calculate the greatest common divisor of 6752788 and 980.
196
Calculate the greatest common factor of 664844464 and 3824.
3824
Calculate the highest common divisor of 363258350 and 203.
203
What is the greatest common divisor of 243 and 15291396?
27
What is the greatest common factor of 56390895 and 495?
495
Calculate the greatest common factor of 1068 and 61937058.
534
Calculate the highest common divisor of 850659888 and 182.
26
Calculate the greatest common factor of 94347663 and 31.
31
Calculate the greatest common divisor of 8 and 7052910.
2
Calculate the highest common divisor of 164880 and 432360.
360
What is the highest common factor of 12362 and 401842?
14
Calculate the highest common divisor of 33190 and 47.
1
Calculate the highest common factor of 218 and 17419399.
109
What is the highest common divisor of 7492632 and 96?
24
Calculate the highest common divisor of 1083 and 286008387.
1083
Calculate the highest common divisor of 16741568 and 8128.
64
Calculate the highest common factor of 417660 and 1290.
30
What is the greatest common divisor of 7449297 and 3?
3
Calculate the greatest common divisor of 49124660 and 455.
65
What is the highest common factor of 63 and 917049?
21
What is the highest common divisor of 14773 and 397133?
869
Calculate the highest common factor of 22404568 and 13237.
1891
What is the greatest common divisor of 8795 and 8620?
5
Calculate the greatest common factor of 5465887 and 28.
7
What is the greatest common factor of 1546758 and 234?
18
What is the greatest common factor of 232129 and 11?
1
Calculate the greatest common divisor of 1287 and 46053579.
429
Calculate the greatest common divisor of 1752 and 40773192.
24
What is the greatest common divisor of 28451557 and 1258?
629
What is the greatest common divisor of 110 and 7494440?
10
What is the highest common divisor of 38 and 343704794?
38
Calculate the highest common factor of 7826716 and 4.
4
Calculate the greatest common divisor of 19910 and 402906.
362
Calculate the greatest common divisor of 7214165 and 183.
61
Calculate the highest common factor of 15784054 and 3664.
458
Calculate the highest common factor of 390 and 14104610.
130
Calculate the highest common factor of 294 and 75583529.
49
Calculate the highest common factor of 10266 and 35852412.
354
What is the greatest common divisor of 3893 and 1176546353?
3893
What is the highest common divisor of 2749538 and 660?
22
Calculate the greatest common divisor of 1126912 and 443040.
2272
Calculate the greatest common divisor of 62104 and 93128.
56
What is the highest common factor of 176 and 272668?
44
Calculate the greatest common divisor of 51 and 121906167.
51
What is the greatest common factor of 4844 and 1898785028?
4844
What is the highest common divisor of 630 and 262530?
90
Calculate the highest common factor of 4968 and 282312.
216
Calculate the greatest common factor of 1022859083 and 97.
97
What is the greatest common factor of 360052 and 62524?
2156
What is the highest common divisor of 2970 and 283770?
270
Calculate the highest common divisor of 148672 and 10856.
184
What is the greatest common factor of 991020 and 39840?
4980
What is the greatest common divisor of 36075 and 3276780?
195
What is the greatest common divisor of 2214 and 409651254?
738
What is the highest common factor of 89651730 and 66?
6
What is the highest common factor of 118279 and 22981028?
1939
Calculate the highest common factor of 3300 and 437118.
66
Calculate the highest common factor of 18509 and 2909399.
83
Calculate the highest common factor of 96 and 235525600.
32
Calculate the greatest common factor of 12133449 and 834.
417
Calculate the highest common factor of 5073 and 2682193.
89
What is the highest common divisor of 76 and 3800494?
38
What is the greatest common divisor of 63597 and 285090?
2193
Calculate the greatest common divisor of 253482 and 2407.
83
What is the highest common factor of 66707 and 42397993?
1627
Calculate the greatest common divisor of 148963227 and 18879.
609
What is the highest common factor of 47104 and 24610?
46
Calculate the greatest common divisor of 560 and 740831980.
140
Calculate the highest common factor of